reatest common divisor of 65 and l.
13
Let d be -39*(-1 - 0*(-4)/8). What is the highest common divisor of 39 and d?
39
Let b be (-6)/(-8) + (-837)/(-36). Calculate the greatest common factor of 36 and b.
12
Let c(i) = -12*i**3 - i**2 + 2*i - 2. Let j be c(2). Let h = 208 + j. What is the greatest common factor of 10 and h?
10
Suppose 313 + 207 = 2*b. Let n be (-1 - -3)/(8/b). Calculate the highest common divisor of n and 13.
13
Suppose -3*v = -11 + 26, 28 = f - 5*v. Suppose -4*i = f*s - 67, 4*i - 59 = 2*s - 17. Calculate the greatest common factor of i and 130.
13
Let l = 25 - -55. Let u = 0 - -10. What is the greatest common divisor of l and u?
10
Let u(p) be the first derivative of -7*p**2/2 - 3*p + 2. Let g be u(-3). Calculate the greatest common divisor of g and 9.
9
Let u be (1 + -3 - 1) + 38. Suppose 14 = -t + 3*t. What is the highest common divisor of t and u?
7
Let n(c) = -c + 9. Let u be n(4). Suppose -194 = -u*y + 6. Suppose -6*t + 32 = -4*t. What is the highest common divisor of t and y?
8
Suppose 134 - 8 = 3*s. What is the highest common factor of 6 and s?
6
Suppose -7 = w - 2*w. What is the highest common divisor of 35 and w?
7
Let p(b) = -39*b - 27. Let m be p(-5). What is the greatest common divisor of 24 and m?
24
Let h(a) = -2*a**3 - 12*a**2 - 13*a - 10. Let j be h(-5). Let r(m) = 2*m + 1. Let x be r(2). What is the highest common factor of j and x?
5
Let t = 2 + -2. Suppose -4*b + 28 = 5*u, 2*b - 2*u + t + 4 = 0. Suppose -b*h + 3 = 1. Calculate the highest common factor of h and 1.
1
Let t = -16 - -25. Let s(w) = -34*w - 3. Let o be s(-3). What is the highest common factor of o and t?
9
Suppose b - 4 = -3. Suppose -l - b = -2*l. Suppose l + 1 = w. What is the highest common divisor of w and 14?
2
Let j(h) = 3*h**2 - 2. Let l be j(-2). Calculate the highest common factor of 20 and l.
10
Suppose -5*n = -16 + 6. Let y be n/2*(19 - 8). Calculate the greatest common divisor of 55 and y.
11
Suppose -3*t + 38 = -4*p + 4, 0 = -2*t + 2*p + 24. Calculate the greatest common divisor of 126 and t.
14
Let n(b) = b**3 - 2*b**2 + b. Let u be n(2). Calculate the greatest common divisor of u and 22.
2
Suppose 2*x - 5*x = -18. Suppose 10 = -6*c + c. Let u be (-9)/((-15)/x - c). What is the highest common factor of u and 45?
9
Suppose h + 19 = 4*z - 2*z, -3*h = -4*z + 39. Let i = -39 + 84. Suppose -y = -45 - i. Calculate the highest common divisor of z and y.
9
Suppose -2*d - 3*d = 0. Suppose -l - 3*s = -93, 3*l + 5*s = -d*l + 267. Calculate the highest common factor of l and 21.
21
Suppose 85 = 9*r - 4*r. Suppose -2*h - r = -45. What is the highest common factor of h and 112?
14
Suppose -v = -5, o + v = 2*v - 1. Let f(d) = -d**2 - 6*d - 3. Let q be f(-4). Let y = -4 + q. What is the greatest common divisor of y and o?
1
Suppose -x - 5*y + 12 = -33, 5*x + y = 273. Suppose 0*r - x = -5*r. Suppose s + r = 6*s + 2*u, 0 = -5*u + 15. Calculate the greatest common factor of s and 4.
1
Let o(j) = j**3 - 9*j**2 + 2*j - 7. Let z be o(9). Calculate the greatest common factor of 33 and z.
11
Suppose 2*w - 2*o = -0*o + 32, -w + 7 = 2*o. Suppose -9*m + 6*m = -312. What is the greatest common divisor of w and m?
13
Suppose -d - g = 4*g - 43, 2*d = 5*g + 11. What is the highest common factor of d and 27?
9
Let g(d) = d**3 - 8*d**2 + 8*d + 2. Let x be g(7). Let p = x - 4. Suppose -p*o + 11 + 39 = 0. What is the greatest common factor of o and 2?
2
Suppose 19*a = 12*a + 140. Calculate the highest common divisor of 80 and a.
20
Suppose -4*c - 25 - 19 = 0. Let y = 5 - c. Calculate the greatest common divisor of y and 8.
8
Let q(p) = p**2 + 4*p - 1. Let k be q(-3). Let w = 1 - k. Suppose -w*x + 381 = 61. What is the highest common divisor of x and 8?
8
Suppose p - 125 = -5*v, v = -2*v - p + 77. What is the highest common divisor of 72 and v?
24
Let y(d) = 2*d**2 - 9*d + 11. Let q be y(11). What is the highest common divisor of q and 14?
14
Suppose -2*q = -5*p + q + 35, -q - 9 = -p. Suppose l = 41 - 5. Suppose 5*x - l = 4*x. Calculate the greatest common divisor of p and x.
4
Suppose l + 2*s = -s + 30, 2*l - s = 39. What is the highest common factor of 7 and l?
7
Let q(v) be the first derivative of v**4/4 - 14*v**3/3 + 10*v - 1. Let o be q(14). What is the highest common factor of 10 and o?
10
Let q(l) = -2*l**3 - 4*l**2 - 2*l + 1. Let t be q(-2). Suppose 119 = t*j - 4*j. Suppose -68 = -2*f - 2*f. Calculate the highest common factor of f and j.
17
Suppose -3*g - 4*t = -64, 16*t - 20*t - 104 = -4*g. What is the greatest common divisor of 24 and g?
24
Suppose 19*h - 140 = 12*h. Let t = 262 - 162. What is the highest common divisor of t and h?
20
Let a = -89 + 127. Suppose -2*s + a = -40. Calculate the highest common factor of s and 13.
13
Let n be 362/4 - 4/(-8). Calculate the highest common factor of n and 7.
7
Let u be 10/(-4)*(-6)/5. Let s be u - (-3)/(-6)*0. Suppose s*g + 2 = g, d - 60 = 5*g. What is the greatest common factor of 11 and d?
11
Let b = -3 - 0. Let z be (-1 - -21)*b/(-2). Let f = z + -17. What is the greatest common divisor of 13 and f?
13
Let j(h) = h**3 + 17*h**2 + 16*h + 14. Let y be j(-16). What is the highest common divisor of 42 and y?
14
Let i be -2 + 4 - 5 - 0. Let a(q) = -q - 3. Let h be a(i). Suppose b - 6 + 0 = h. Calculate the greatest common factor of b and 15.
3
Suppose 2*b = -0*b + 28. Let w = 27 - b. Let v = 247 - 143. What is the highest common divisor of w and v?
13
Let f(u) = -u**3 - 9*u**2 - 17*u + 3. Let r be f(-7). What is the greatest common factor of 120 and r?
24
Let v = 44 - 6. What is the greatest common divisor of v and 2?
2
Let g = 91 + -21. Calculate the highest common factor of 14 and g.
14
Suppose 24 = c - 0. Suppose 5*d - 3*g = -c, -d + 2*d + 8 = -g. Let z be ((-12)/8)/(d/32). Calculate the greatest common divisor of 4 and z.
4
Let k(g) = g + 36. Let u be k(-15). What is the greatest common factor of u and 14?
7
Let x(y) = -y**3 + 7*y**2 + 2*y + 14. Let i be x(7). What is the greatest common factor of 112 and i?
28
Let s(j) = -j**2 + 12*j - 6. Let a be s(11). Calculate the highest common divisor of 70 and a.
5
Let d be (4 - -1)/5 - -7. What is the highest common divisor of d and 4?
4
Let r(u) = -u**2 + 32. Let k be r(0). Suppose 4 = 4*a - k. Calculate the highest common factor of 90 and a.
9
Suppose -o = o - 5*k - 145, -3*o = k - 175. What is the highest common divisor of o and 24?
12
Let k = -2 + 10. Suppose -108 = -5*t + 152. Let x = t - 32. Calculate the greatest common divisor of x and k.
4
Suppose -4*i - i - 4*r = 102, 2*i - 3*r = -27. Suppose w = -4*u - 131, -u = -3*w + 32 + 4. Let h = i - u. What is the highest common factor of h and 3?
3
Let b(j) = 2*j**2 - j + 1. Let o be b(2). Let x = -5 + 7. Suppose -2*t + 10 = 3*t, -x*y = 5*t - 164. Calculate the highest common divisor of y and o.
7
Let k = 12 + -6. Let d(z) = z - 5. Let g be d(k). Suppose 0*m + 15 = -5*m + 5*n, 4*n - 20 = -4*m. What is the greatest common divisor of g and m?
1
Suppose -54 + 1029 = 13*f. Calculate the greatest common divisor of 15 and f.
15
Let v be ((-12)/(-19))/(-6) - (-384)/38. Let n(l) = 2*l**2 - 2*l. Let u be n(-4). What is the greatest common factor of v and u?
10
Let b = -36 - -50. Suppose -100*y + 42 = -99*y. What is the greatest common factor of b and y?
14
Let y = -9 - -17. Suppose -2*k + 19 = -5*b, -b = -3*k + y + 1. What is the greatest common factor of k and 14?
2
Let d(j) = -3*j**3 - 2*j - 1. Let r be d(-1). Suppose -3*q = -7*q - 4*t + 56, q + 3*t = 18. Let z = -8 + q. What is the highest common divisor of z and r?
4
Let g = 127 - 116. Suppose -2*c - 36 = -278. Calculate the greatest common factor of g and c.
11
Let r be 24690/75 - 2/10. What is the greatest common factor of 47 and r?
47
Let r(i) = 3*i**2 + 4*i + 2. Let n be r(-3). Let g be ((-44)/12)/(2/(-102)). Calculate the highest common factor of g and n.
17
Let g = -97 - -105. Calculate the highest common factor of g and 16.
8
Let n(c) = 3*c + 2 - c**2 + 2*c**2 - 7*c + 5*c. Let x be (4 + -2)*(2 - 1). Let j be n(x). Calculate the greatest common factor of j and 4.
4
Let z be (-156)/(-9) + 1/(-3). Let n = -12 + z. Let c(v) = v**2 + 3*v + 1. Let r be c(-4). Calculate the highest common divisor of r and n.
5
Let y(i) = 2*i**2 - 2*i - 4. Suppose 5*k = -4*t + 4, -t + 2